15241?
457, 4409
List the prime factors of 725819294.
2, 79, 1949, 2357
What are the prime factors of 2554814473?
6323, 404051
List the prime factors of 115944330.
2, 3, 5, 3864811
List the prime factors of 2272607132.
2, 568151783
List the prime factors of 282306076.
2, 13, 109, 49807
What are the prime factors of 367375786?
2, 183687893
What are the prime factors of 98206248?
2, 3, 7, 584561
What are the prime factors of 578799167?
53, 10920739
What are the prime factors of 36794423?
36794423
List the prime factors of 1638475705.
5, 31, 113, 139, 673
What are the prime factors of 54662716?
2, 53, 401, 643
What are the prime factors of 252074170?
2, 5, 43, 13633
What are the prime factors of 44510536?
2, 7, 794831
What are the prime factors of 90752450?
2, 5, 487, 3727
List the prime factors of 2119824129.
3, 17, 19, 97, 1187
What are the prime factors of 62551537?
449, 139313
What are the prime factors of 266149677?
3, 71, 17599
List the prime factors of 48375156.
2, 3, 131, 30773
What are the prime factors of 2525164466?
2, 11, 114780203
What are the prime factors of 8356099200?
2, 3, 5, 59, 14753
List the prime factors of 31484820.
2, 3, 5, 409, 1283
List the prime factors of 2916639219.
3, 13, 37, 281, 7193
What are the prime factors of 441527410?
2, 5, 44152741
What are the prime factors of 365746137?
3, 1613, 75583
List the prime factors of 222786089.
222786089
What are the prime factors of 471097521?
3, 52344169
List the prime factors of 1253227512.
2, 3, 89, 337, 1741
List the prime factors of 7246872818.
2, 43, 84265963
List the prime factors of 158086539.
3, 13, 233, 1933
List the prime factors of 1127432788.
2, 239, 1179323
What are the prime factors of 482655225?
3, 5, 13, 163, 3037
What are the prime factors of 212891055?
3, 5, 13, 1091749
What are the prime factors of 4812806649?
3, 7, 23, 9964403
List the prime factors of 362845255.
5, 311, 233341
What are the prime factors of 649569221?
7, 67, 1385009
List the prime factors of 39281694.
2, 3, 1543, 4243
List the prime factors of 1922125091.
179, 457, 23497
List the prime factors of 8577166.
2, 13, 329891
What are the prime factors of 57573531?
3, 23, 83, 1117
What are the prime factors of 40344100?
2, 5, 439, 919
List the prime factors of 554877219.
3, 13, 14227621
List the prime factors of 50091043.
1759, 28477
List the prime factors of 160127136.
2, 3, 13, 19, 2251
List the prime factors of 1517178391.
41, 37004351
What are the prime factors of 1725440551?
17, 101496503
What are the prime factors of 129010565?
5, 23, 1121831
List the prime factors of 39241566.
2, 3, 7, 13, 23957
What are the prime factors of 79292367?
3, 7, 11, 114419
List the prime factors of 23263068.
2, 3, 19, 102031
What are the prime factors of 165986149?
7, 43, 149, 3701
List the prime factors of 605114060.
2, 5, 43, 743, 947
List the prime factors of 387307869.
3, 13, 593, 16747
What are the prime factors of 993256577?
993256577
List the prime factors of 907150752.
2, 3, 349981
What are the prime factors of 125501533?
41, 79, 38747
List the prime factors of 1649104971.
3, 549701657
What are the prime factors of 124714567?
17, 389, 18859
What are the prime factors of 2754747696?
2, 3, 79, 726463
What are the prime factors of 60022146?
2, 3, 79, 139, 911
What are the prime factors of 2120241573?
3, 8087, 29131
List the prime factors of 29942621.
31, 197, 4903
What are the prime factors of 243800919?
3, 27088991
What are the prime factors of 144610999?
13, 11123923
List the prime factors of 376557756.
2, 3, 599, 52387
List the prime factors of 141355368.
2, 3, 7, 11, 2833
What are the prime factors of 45193437?
3, 1673831
List the prime factors of 4762392489.
3, 23, 852101
List the prime factors of 222975719.
199, 1120481
What are the prime factors of 151588496?
2, 97, 97673
List the prime factors of 20317992.
2, 3, 17, 19, 2621
List the prime factors of 185471614.
2, 92735807
What are the prime factors of 2922858491?
7, 71, 5881003
List the prime factors of 336791819.
7, 13, 29, 9817
List the prime factors of 99947044.
2, 24986761
What are the prime factors of 1981015856?
2, 123813491
What are the prime factors of 3381067?
1051, 3217
What are the prime factors of 161027047?
9859, 16333
What are the prime factors of 1097245353?
3, 365748451
List the prime factors of 36972102.
2, 3, 37, 166541
List the prime factors of 811680637.
53, 1667, 9187
What are the prime factors of 4929982009?
37, 103, 1293619
What are the prime factors of 64041297?
3, 1597, 13367
What are the prime factors of 160203174?
2, 3, 19, 727, 1933
List the prime factors of 3438867734.
2, 29, 59290823
List the prime factors of 31656106.
2, 15828053
List the prime factors of 407003446.
2, 19, 23, 465679
List the prime factors of 70751240.
2, 5, 7, 41, 6163
What are the prime factors of 86438062?
2, 577, 74903
List the prime factors of 602333948.
2, 823, 182969
List the prime factors of 512451763.
47, 10903229
List the prime factors of 93588027.
3, 13, 631, 3803
List the prime factors of 101165603.
7, 11, 1313839
What are the prime factors of 61731467?
7, 617, 14293
What are the prime factors of 92203152?
2, 3, 307, 6257
What are the prime factors of 4414199441?
41, 107663401
What are the prime factors of 1581263753?
977, 1618489
What are the prime factors of 615738143?
137, 157, 28627
What are the prime factors of 256250117?
256250117
List the prime factors of 547983179.
547983179
List the prime factors of 250580986.
2, 17, 7370029
List the prime factors of 772841404.
2, 193210351
List the prime factors of 206145567.
3, 31, 53, 1549
List the prime factors of 2126673850.
2, 5, 7, 1109, 5479
What are the prime factors of 5636364?
2, 3, 83, 5659
What are the prime factors of 86060714?
2, 1747, 24631
What are the prime factors of 160022633?
283, 565451
List the prime factors of 1861799118.
2, 3, 6569, 47237
List the prime factors of 320187947.
320187947
What are the prime factors of 367937?
263, 1399
List the prime factors of 1023518050.
2, 5, 37, 553253
What are the prime factors of 992239362?
2, 3, 43, 331, 1291
What are the prime factors of 1872140878?
2, 17, 29, 809, 2347
List the prime factors of 6023551.
19, 317029
What are the prime factors of 3903720?
2, 3, 5, 32531
List the prime factors of 176280243.
3, 58760081
List the prime factors of 26924871.
3, 2861, 3137
List the prime factors of 38017693.
7, 541, 10039
List the prime factors of 742213378.
2, 19, 47, 53, 7841
List the prime factors of 6138729.
3, 19, 35899
List the prime factors of 6103561.
17, 47, 7639
What are the prime factors of 65218908?
2, 3, 163, 33343
What are the prime factors of 90221876?
2, 563, 40063
What are the prime factors of 788756807?
563, 1400989
List the prime factors of 165532270.
2, 5, 503, 32909
What are the prime factors of 160635080?
2, 5, 4015877
List the prime factors of 235328858.
2, 17, 6921437
What are the prime factors of 112649892?
2, 3, 79, 331, 359
What are the prime factors of 295619492?
2, 7, 37, 433, 659
List the prime factors of 24869286.
2, 3, 13, 106279
What are the prime factors of 19280145?
3, 5, 37, 34739
What are the prime factors of 101790759?
3, 7, 877, 5527
What are the prime factors of 476070623?
7, 1387961
List the prime factors of 1159929346.
2, 17, 89, 383321
What are the prime factors of 418859834?
2, 3217, 65101
What are the prime factors of 45067488?
2, 3, 23, 20411
List the prime factors of 39835231.
41, 971591
What are the prime factors of 147282412?
2, 797, 46199
List the prime factors of 682362605.
5, 29, 4705949
List the prime factors of 4577171295.
3, 5, 61, 5002373
What are the prime factors of 65710465?
5, 47, 279619
List the prime factors of 275675114.
2, 11, 13, 963899
List the prime factors of 128122306.
2, 13, 53, 109, 853
List the prime factors of 2498841.
3, 101, 2749
What are the prime factors of 1444511284?
2, 17, 773, 27481
List the prime factors of 776438613.
3, 86270957
List the prime factors of 26375436.
2, 3, 244217
List the prime factors of 77085515.
5, 13, 1185931
What are the prime factors of 86965175?
5, 11, 79, 4003
List the prime factors of 1708328039.
11, 101, 593, 2593
What are the prime factors of 1658471636?
2, 67, 1453, 4259
List the prime factors of 178240792.
2, 22280099
What are the 